n divisor of 2329 and p?
17
Let u be 4 - (364/(-10))/(11/(-110)). Let h be (12/9)/((-4)/u). Suppose -4*x = k - 126, 3*x = 7*x + 4*k - h. Calculate the greatest common factor of 24 and x.
8
Let i = 18881 - 18773. Calculate the greatest common factor of i and 5211.
27
Let n be 0/(-1) - 36/(1 + -4). Suppose -n*y - 306 = -18*y. Calculate the highest common divisor of 816 and y.
51
Suppose -3*x + x + 90 = 0. Let a = -152 - -38. Let w = a - -129. Calculate the highest common factor of x and w.
15
Suppose 4*r = 3*b - 121, -2*b - 7*r = -4*r - 92. Suppose 10*j = -b + 123. What is the greatest common factor of 568 and j?
8
Suppose -2*c - 309 = -6*x - 23, x - 53 = -5*c. What is the highest common divisor of 15 and x?
3
Suppose -4*v + 199 = -277. Suppose 47*n - 431 = 368. Calculate the greatest common divisor of v and n.
17
Let u(i) be the second derivative of i**5/10 - 7*i**4/12 - 11*i**3/6 - 54*i. Let j be u(5). Calculate the highest common factor of 130 and j.
10
Let s(b) = 64*b - 60. Let w be s(2). Let a = 64 + 21. What is the highest common factor of a and w?
17
Let h(f) = -3*f**3 + 70*f**2 - 143*f - 20. Let l be h(17). Calculate the greatest common factor of 475 and l.
95
Let g(d) = d**3 - 2*d**2 - 18*d - 3. Let s be g(-3). Calculate the highest common factor of s and 2658.
6
Suppose 5*w + 53 = 2*y, -283*y + 288*y = -3*w + 55. Calculate the greatest common factor of 24094 and y.
14
Suppose 18*f - 120 = 5*f + 2272. Calculate the highest common factor of f and 1449.
23
Let i(o) = o**2 + 483*o - 3425. Let m be i(7). Calculate the highest common divisor of 11250 and m.
5
Suppose 2*y = 5*u - 1754 - 66, -3*u = -5*y - 4569. Let a = 1320 + y. What is the highest common factor of 30 and a?
15
Let w(n) = n**2 - 2*n + 3. Let u be w(2). Suppose 25 = -u*h + 25. Let r be 66 + 8/4 + h. What is the greatest common factor of r and 17?
17
Let z = 14466 + -12816. What is the greatest common factor of z and 264?
66
Suppose -3*i + 22 = 2*b, 4*b = 3*i + 2*i. Suppose -5*m + 5*f + 674 = 684, -m + 14 = f. Calculate the highest common factor of i and m.
2
Let u be (490/105)/(4/11010). Calculate the greatest common divisor of u and 140.
35
Let t = 197 + 499. Calculate the greatest common divisor of t and 24.
24
Let y be (2/(-7))/(19/(-133)). Suppose -7*r - 5*l + 490 = -y*r, 388 = 4*r + 2*l. What is the highest common divisor of 64 and r?
32
Let u = -113 + 179. Let k = u + -64. Suppose -24 = -j - x, k*x = j - x - 28. Calculate the greatest common divisor of j and 10.
5
Let x = 195 + -191. Suppose -x*f = 4*m - 6*f - 180, -5*f + 180 = 4*m. What is the highest common factor of 105 and m?
15
Let a(q) = 2*q**2 + 15*q + 39. Let u be (-6)/(-4)*4/(-18)*21. Let f be a(u). Calculate the greatest common divisor of f and 6.
2
Let a(l) = 13*l + 17. Suppose -4*n + 2*q = -q - 24, -4*q - 31 = -5*n. Let c be a(n). Calculate the greatest common factor of 32 and c.
8
Suppose 5*n + c = 42, 2*c + 2*c = 4*n - 48. Suppose 22 = n*u - 95. Calculate the highest common divisor of 143 and u.
13
Let i be 8/2 - ((-6)/5 + 13944/(-105)). Calculate the greatest common factor of i and 2438.
46
Let n = 6765 + -6739. Calculate the greatest common divisor of n and 86.
2
Suppose -8*z - 24*z + 160 = 0. Suppose 4*m - 504 = -z*i, 295 = 3*i + 2*m - 7*m. What is the highest common divisor of i and 30?
10
Let j(o) = -o**3 + 23*o**2 + 59*o - 1. Let k be j(25). Suppose -4*r + 360 = 3*z + 22, 2*z - k = -4*r. What is the greatest common factor of z and 190?
38
Let v be 1/(2/((-15)/((-150)/49240))). What is the greatest common factor of v and 2?
2
Suppose -5*q + 5*f + 4310 = 0, 3*q + 3*f + f = 2600. Suppose -54*i + 848 = -i. Calculate the greatest common divisor of q and i.
16
Let k(r) = -r**3 + 3*r**2 + 10*r + 45. Let n be k(5). Calculate the highest common divisor of 4740 and n.
15
Suppose -59*g + 56*g = 48. Let h(u) = u + 26. Let x be h(g). Calculate the greatest common factor of 30 and x.
10
Let t be -3 + -1 + 3 + 2. Suppose 35 = q + 4*q - 5*x, 3*q = 4*x + 26. Let g be t/(2/q)*1. What is the greatest common factor of g and 11?
1
Suppose -5*f + 17337 = -4*n, 2*f - 6927 = 38*n - 39*n. What is the greatest common divisor of 36 and f?
9
Let a = 8 - 1. Suppose z = -0*z + a. Let j(w) = -74*w + 2322. Let n be j(31). What is the greatest common divisor of z and n?
7
Let x(j) = 5*j**2 + 105*j - 211. Let c be x(2). What is the greatest common factor of c and 209?
19
Suppose -5*j = 3*t - 79, -83 - 31 = -4*t + 2*j. Let r(a) = a**3 + 18*a**2 - 44*a - 31. Let m be r(-20). Calculate the greatest common factor of m and t.
7
Let v(k) = 28*k**2 + 39*k + 12. Let m be v(-8). Suppose 5*s - m = -3*n, n - 2*n = 5*s - 1484. Calculate the greatest common divisor of s and 16.
8
Suppose -501 - 35 = -2*s + 4*z, 0 = -3*s + 2*z + 828. Suppose 0*x = -5*x + 200. Calculate the greatest common factor of x and s.
40
Let g be (-3 - (-18)/4)*24768/54. What is the highest common divisor of g and 208?
16
Let u = -5400 - -5724. What is the greatest common divisor of 9 and u?
9
Suppose 0 = -55*a + 53*a + 750. Suppose -669 - a = -6*c. What is the highest common divisor of 29 and c?
29
Let w be (3 + 1 - 30)*-12. Let u be (12/10)/((-2)/(-40)). What is the greatest common divisor of w and u?
24
Let s be (444/15)/((-244)/(-42090)). What is the highest common divisor of s and 888?
222
Let x = -425 - -573. Let c = x + -110. What is the greatest common factor of 266 and c?
38
Let g = 643 + -613. Let c = -560 + 845. Calculate the highest common factor of g and c.
15
Suppose -8*m + 4*m + 2044 = -t, 3*m = 4*t + 1533. Let v = 528 - m. Calculate the highest common divisor of v and 391.
17
Suppose 4061*h - 4062*h = -51. Let z(w) = 21*w**2 + 1. Let c be z(-2). What is the highest common divisor of h and c?
17
Suppose -13*k - 170 - 25 = 0. Let x(z) = -z**2 - 18*z - 35. Let i be x(k). Calculate the greatest common divisor of 70 and i.
10
Suppose t = -2*v + 655, 1965*t + v = 1967*t - 1350. Suppose 0*q = -3*q + 183. What is the highest common factor of t and q?
61
Suppose 32 = -r - 5*f, 3*r + 0*f = -2*f - 44. Let h be 5*(2/(-3))/(4/r). What is the greatest common divisor of 2 and h?
2
Suppose 0 = 4*f + r - 2025, f = 4*r + 1098 - 596. Calculate the highest common divisor of f and 242.
22
Suppose -4*b = -64 + 8. Let m(k) = -k**2 - k + 34. Let j be m(5). Suppose 3*x - x - 2*f = 4, 0 = j*x - 5*f - 8. Calculate the greatest common factor of b and x.
2
Let d = 41 - -73. Let p be (-19 - -4)*19/(-5). What is the greatest common divisor of d and p?
57
Let r be 4/6*((-276)/(-8) - 0). Let w be 138*5/(-15)*-1. What is the greatest common divisor of r and w?
23
Let a(w) = -w**3 - w**2 + 4*w - 8. Let f be a(-10). Suppose -156 = 412*d - 425*d. Calculate the highest common divisor of d and f.
12
Let j be -3 + (-2)/((-12)/30). Let v be (j - (-3 - -4))/((-4)/(-252)). Calculate the greatest common divisor of v and 168.
21
Suppose -98*u + 136 = -93*u - z, -2*z - 48 = -2*u. What is the greatest common factor of 12124 and u?
28
Suppose 52 = 2*k + 2*k. Suppose -5*l - 1 - k = 2*w, 5*w - 4*l = 31. Suppose -w*a + 11 = s, -5 = 2*s + 5*a - 25. What is the greatest common divisor of 25 and s?
5
Suppose -4*a - 14*a + 3104 + 9244 = 0. Calculate the highest common factor of a and 7.
7
Suppose -2*h + 5*p + 97 = 8, 58 = h + 2*p. Let k(m) = m**2 - m + 7. Let q be k(10). Let i = q + -84. Calculate the greatest common divisor of h and i.
13
Let m(r) = -r**2 + 8*r + 1. Let v be m(-16). Let j = v - -463. Calculate the highest common divisor of 144 and j.
16
Suppose 0 = 28*t - 2*t - 7774. Calculate the greatest common divisor of t and 117.
13
Suppose 70 = 4*u + 5*i - 1, 35 = 2*u + 3*i. Let p(y) = 20*y - 9. Let c be p(9). Suppose -k + 2*k = c. Calculate the greatest common factor of k and u.
19
Let h = 7424 + -3576. Calculate the greatest common factor of 52 and h.
52
Let y(a) be the second derivative of -3*a**3/2 + 9*a**2/2 - 1214*a. Let r be (-42)/8 - 1/(-4). Let v be y(r). What is the highest common divisor of v and 135?
27
Suppose 3*y = 4*p + 88, 6*p + 60 = 2*y + 2*p. Suppose -l + 23 = -3*c, -4*l + 53 = -c + 2*c. What is the greatest common factor of l and y?
14
Suppose 5*z - 2*y - 58 = 0, -z + 2*z + 2 = -3*y. Suppose -14*k + 1056 = -z*k. What is the greatest common factor of k and 24?
24
Let d = 56948 + -37139